 j(8).
-749
Let k(s) = 3*s**3 - 439*s**2 + 117*s + 5745. What is k(146)?
1511
Let n(g) = -350*g + 22573. What is n(73)?
-2977
Let f(p) = 1612*p**2 - 214397*p + 42. Determine f(133).
-91
Let g(z) = 933*z - 208913. Give g(225).
1012
Let p(h) = -299*h - 12256. Calculate p(-41).
3
Let g(d) = 72*d + 1316. What is g(-17)?
92
Let h(f) = 3928*f - 636333. Determine h(162).
3
Let c(i) = 49*i**3 - 67*i**2 - 7*i - 8. Determine c(2).
102
Let p(f) = -44*f**2 - 1125*f + 7835. Give p(7).
-2196
Let v(w) = -11591*w + 428784. What is v(37)?
-83
Let q(z) = 6*z**3 + 20*z**2 + 128*z - 137. Determine q(8).
5239
Let s(n) = 535*n**2 + 267*n + 269. Give s(-1).
537
Let g(u) = 20338*u + 81936. Determine g(-4).
584
Let b(y) = 55*y**2 + 574*y - 4. Give b(-10).
-244
Let r(q) = -15*q**2 + 2597*q + 15616. Determine r(-6).
-506
Let d(a) = a**2 - 145*a - 13617. What is d(-65)?
33
Let u(t) = 641*t + 129491. Determine u(-202).
9
Let q(a) = 5*a**2 - 232*a - 578. What is q(55)?
1787
Let b(u) = -12*u**2 - 3082*u + 525. Determine b(-257).
11
Let f(w) = -w**3 - 18*w**2 + 82*w + 1298. Calculate f(-8).
2
Let s(d) = d**2 + 4446*d - 233904. Calculate s(52).
-8
Let g(m) = -656902*m + 31531291. Give g(48).
-5
Let a(b) = b**2 + 7447*b - 3704217. Determine a(468).
3
Let a(z) = -z**3 - 38*z**2 + 15*z + 121. What is a(-39)?
1057
Let r(l) = 105*l**3 - 10291*l**2 + 98*l + 18. Calculate r(98).
18
Let u(a) = -89268*a + 892672. Calculate u(10).
-8
Let t(i) = -5371*i - 118170. Determine t(-22).
-8
Let t(w) = -w**3 - 33*w**2 - 114*w - 414. Determine t(-30).
306
Let s(o) = 6*o**2 - 74*o - 27. Give s(-6).
633
Let t(i) = 44*i**2 - 1973*i - 3957. Give t(-2).
165
Let a(v) = -201523*v - 403031. Give a(-2).
15
Let s(b) = -3871*b + 54141. Calculate s(14).
-53
Let p(a) = a**3 - a**2 + 265*a + 1837. Give p(-6).
-5
Let j(y) = 389*y + 70891. What is j(-182)?
93
Let j(f) = 3*f**2 - 5446*f - 407691. What is j(-72)?
-27
Let a(r) = -r**2 + 120*r - 2573. What is a(99)?
-494
Let i(u) = 4*u**3 - 114*u**2 - 183*u + 62. Determine i(30).
-28
Let j(a) = 15*a**3 - 77*a**2 + 174*a - 835. Calculate j(5).
-15
Let f(b) = -7*b**2 + 711*b + 3294. What is f(106)?
8
Let y(l) = 57805*l + 346816. Calculate y(-6).
-14
Let l(z) = -258*z**2 - 5158*z. Give l(-20).
-40
Let w(x) = x**3 + 26*x**2 - 3829*x + 1566. Calculate w(50).
116
Let f(c) = 9168*c**2 - 705941*c + 387. Determine f(77).
2
Let h(l) = l**3 + 15*l**2 + 165*l + 1133. Give h(-10).
-17
Let m(v) = 3083*v + 2777779. Give m(-901).
-4
Let y(j) = 12*j**3 + 5*j**2 + 6*j - 37. Determine y(-6).
-2485
Let y(z) = 73*z**2 + 2045*z + 2001. Determine y(-27).
3
Let u(c) = 203*c - 11209. Give u(59).
768
Let v(r) = r**3 + 164*r**2 + 18*r + 221. What is v(-164)?
-2731
Let p(s) = -s**2 - 8169*s - 195486. Determine p(-24).
-6
Let u(w) = -1758*w - 226796. Calculate u(-129).
-14
Let o(j) = j**3 - 116*j**2 + 119*j - 13727. What is o(116)?
77
Let o(m) = -2*m**3 + 370*m**2 - 12128*m + 2325001. Calculate o(186).
1
Let u(g) = 359*g**3 - 2511*g**2 + 1099*g - 7804. Calculate u(7).
-13
Let m(s) = s**3 + 67*s**2 - 101*s - 1515. Calculate m(-68).
729
Let j(d) = -22189*d**2 - 133034*d + 601. Give j(-6).
1
Let v(a) = -181*a**2 - 2287*a + 331. What is v(-13)?
-527
Let r(d) = -d**3 - 1719*d**2 - d + 469. What is r(0)?
469
Let m(q) = -35*q**2 - 2044*q + 3373. What is m(-60)?
13
Let z(n) = -2*n**2 - 353*n - 15567. What is z(-79)?
-162
Let l(t) = 819377*t - 3277471. Determine l(4).
37
Let f(s) = -s**3 - 4*s**2 + 824*s - 107. What is f(-31)?
296
Let u(q) = 14*q + 664. Give u(-17).
426
Let d(i) = -25*i**2 + 1556*i + 1237. Calculate d(63).
40
Let z(v) = 7673*v - 421983. Give z(55).
32
Let o(s) = -682*s - 112520. What is o(-165)?
10
Let w(c) = -678*c**2 + 5311*c - 4. Give w(8).
-908
Let a(r) = r**2 + 3455*r + 65875. What is a(-19)?
591
Let s(y) = y**2 + 1326*y + 9220. What is s(-7)?
-13
Let k(u) = -2363*u + 2041623. Determine k(864).
-9
Let i(k) = -3*k**2 + 948*k - 2836. Give i(3).
-19
Let d(a) = -a**3 + 858*a**2 - 86032*a - 29683. Calculate d(742).
-3
Let t(p) = 25*p**2 + 857*p - 620. Calculate t(-35).
10
Let s(t) = -t**3 - 13*t**2 + 71*t - 25. Calculate s(10).
-1615
Let c(o) = 2*o**3 + 13*o**2 + 21*o + 149. What is c(-6)?
59
Let w(b) = -49718*b - 894860. What is w(-18)?
64
Let m(z) = -z**3 + 74*z**2 + 211*z + 1858. Give m(77).
318
Let r(b) = -2*b**2 + 1117*b - 8840. Determine r(8).
-32
Let f(g) = 12507*g + 50106. Give f(-4).
78
Let w(i) = -4*i**2 - 867*i - 10649. Give w(-204).
-245
Let u(g) = 58*g**2 + 102*g - 33. Determine u(-2).
-5
Let x(j) = 13*j**2 + 274*j + 136. Calculate x(-20).
-144
Let a(c) = -c**2 - 441*c + 13197. What is a(28)?
65
Let j(d) = -3*d**2 - 221280*d - 1106324. Give j(-5).
1
Let w(j) = -5*j**3 + 38*j**2 - 22*j - 5. What is w(7)?
-12
Let v(w) = -201*w + 28722. What is v(143)?
-21
Let o(g) = 8110*g + 1670648. What is o(-206)?
-12
Let w(m) = -3*m**2 + 945*m + 7702. Determine w(-8).
-50
Let c(n) = 2*n**2 + 508*n - 2598. Determine c(5).
-8
Let h(o) = -6*o**3 - 238*o**2 - 376*o + 157. What is h(-38)?
5
Let w(x) = 345*x**2 - 51403*x - 311. Determine w(149).
-13
Let c(g) = -2151367*g - 62389647. Give c(-29).
-4
Let m(c) = -42401*c + 254401. What is m(6)?
-5
Let u(l) = -3*l**3 + 73*l**2 + 175*l + 159. Give u(27).
-948
Let n(t) = 9*t**3 - 6*t**2 + 29*t + 129. Determine n(-5).
-1291
Let f(q) = 218*q**2 + 365*q - 1421. Give f(4).
3527
Let i(q) = -59*q**2 + 152*q - 262. Determine i(3).
-337
Let x(z) = 101*z**2 + 12318*z - 244. Determine x(-122).
244
Let z(h) = h**3 - 82*h**2 + 1007*h - 128. Determine z(67).
6
Let g(w) = 992*w + 154770. What is g(-156)?
18
Let q(w) = 2*w**2 - 92182*w - 737574. Calculate q(-8).
10
Let s(d) = -63*d**2 + 179*d + 24. What is s(6)?
-1170
Let a(g) = 46695*g - 373568. Give a(8).
-8
Let g(s) = s**2 - 1208*s + 17990. Determine g(15).
95
Let h(b) = b**2 + 66224*b + 2713485. Calculate h(-41).
-18
Let m(x) = -10*x**2 - 324*x + 1009. Give m(-35).
99
Let i(o) = 59*o**2 - 217*o - 2420. Determine i(-10).
5650
Let w(z) = z**3 - 51*z**2 + 661*z - 689. Give w(29).
-22
Let p(y) = 4*y**2 - 1184*y - 1189. Calculate p(-1).
-1
Let b(d) = -d**3 - 60*d**2 - 962*d - 2399. What is b(-23)?
154
Let c(x) = -6*x**2 + 1346*x + 32523. Give c(-22).
7
Let g(n) = -n**3 + 19*n**2 + 43*n - 449. What is g(20)?
11
Let s(p) = -363*p**2 - 77308*p + 2342. Calculate s(-213).
-1
Let a(y) = 171*y + 1215. Determine a(-7).
18
Let q(o) = -8039*o + 6540. Give q(1).
-1499
Let k(f) = 604*f**2 + 3021*f - 7. Determine k(-5).
-12
Let s(v) = -8901*v + 26813. Determine s(3).
110
Let o(z) = -z**3 - 216*z**2 - 1111*z - 55765. Give o(-212).
-9
Let h(u) = 2*u**3 - 144*u**2 + 191*u - 12557. Calculate h(72).
1195
Let k(d) = -386*d + 19550. Determine k(51).
-136
Let q(m) = -m**3 + 62*m**2 - 176*m + 324. Calculate q(59).
383
Let s(n) = -79*n**2 + 1441*n - 8610. Calculate s(6).
-2808
Let a(u) = -9*u**2 - 157*u + 6003. Give a(-36).
-9
Let t(a) = -53727*a - 214907. Give t(-4).
1
Let w(a) = 8459*a + 3282083. Calculate w(-388).
-9
Let h(x) = -12*x**3 + 411*x**2 - 3133*x - 4338. What is h(21)?
-12
Let g(p) = -2*p**2 - 812*p - 11923. Give g(-15).
-193
Let b(f) = 16247*f - 29179617. Give b(1796).
-5
Let o(z) = -124*z**3 + 16*z**2 - 9*z + 3. Calculate o(1).
-114
Let z(v) = -10*v**2 + 50*v + 1464. Give z(-10).
-36
Let c(x) = -1035*x + 3425. Determine c(3).
320
Let r(p) = -10858*p + 5092384. Determine r(469).
-18
Let k(x) = -91*x**3 + 546*x**2 - 70*x + 414. Give k(6).
-6
Let s(l) = l**2 + 567*l + 43924. Determine s(-92).
224
Let k(x) = 4*x**3 - 102*x**2 + 188*x + 2637. What is k(22)?
-3
Let z(q) = 73632*q - 589029. Calculate z(8).
27
Let y(u) = 93*u**2 - 4974*u - 9951. What is y(-2)?
369
Let b(w) = w**2 + 77*w + 770. Calculate b(-63).
-112
Let z(h) = 8276*h + 471806. What is z(-57)?
74
Let l(p) = -227*p**2 + 1371*p - 14. Determine l(6).
40
Let z(j) = 42040*j + 1261190. What is z(-30)?
-10
Let w(m) = -m**3 + 183*m**2 - 3147*m + 5035. Give w(164).
-49
Let x(o) = 140211*o - 15703612. Give x(112).
20
Let i(z) = -77*z - 51. Determine i(7).
-590
Let g(f) = 411*f + 2915. Give g(-6).
449
Let p(y) = -2*y**3 + 196*y**2 - 171*y - 2157. Determine p(97).
74
Let i(r) = 19*r**3 - 449*r**2 + 2221*r + 21. Give i(5).
2276
Let h(o) = -5*o**3 + 534*o**2 + 124*o + 909. Calculate h(107).
2728
Let m(c) = -c**3 - 4*c**2 + 1158*c - 158. Determine m(32).
34
Let x(s) = 20*s**